lculate the remainder when 593 is divided by 590.
3
What is the remainder when 5199 is divided by 521?
510
Calculate the remainder when 2193259 is divided by 58.
47
Calculate the remainder when 3901 is divided by 1910.
81
What is the remainder when 925 is divided by 181?
20
What is the remainder when 74292 is divided by 195?
192
Calculate the remainder when 147046 is divided by 11.
9
What is the remainder when 8146 is divided by 110?
6
Calculate the remainder when 313290 is divided by 78317.
22
Calculate the remainder when 19652 is divided by 24.
20
Calculate the remainder when 6333939 is divided by 1146.
1143
What is the remainder when 41480 is divided by 20713?
54
What is the remainder when 268888 is divided by 1854?
58
Calculate the remainder when 1629 is divided by 34.
31
Calculate the remainder when 50424 is divided by 679.
178
What is the remainder when 1562 is divided by 200?
162
Calculate the remainder when 50061 is divided by 17.
13
Calculate the remainder when 864553 is divided by 1078.
1075
What is the remainder when 3601 is divided by 259?
234
Calculate the remainder when 17538 is divided by 1389.
870
What is the remainder when 38477 is divided by 248?
37
What is the remainder when 89251 is divided by 4957?
25
What is the remainder when 38779 is divided by 170?
19
Calculate the remainder when 317663 is divided by 4887.
8
Calculate the remainder when 8411 is divided by 2279.
1574
Calculate the remainder when 158397 is divided by 165.
162
Calculate the remainder when 147055 is divided by 444.
91
Calculate the remainder when 11364 is divided by 2715.
504
What is the remainder when 65417 is divided by 13?
1
What is the remainder when 2801 is divided by 27?
20
Calculate the remainder when 10954 is divided by 10900.
54
What is the remainder when 1397 is divided by 22?
11
What is the remainder when 28525 is divided by 320?
45
What is the remainder when 40066 is divided by 13339?
49
Calculate the remainder when 95062 is divided by 329.
310
What is the remainder when 44762 is divided by 14907?
41
Calculate the remainder when 4725 is divided by 1153.
113
What is the remainder when 14030 is divided by 56?
30
What is the remainder when 7761 is divided by 2587?
0
What is the remainder when 1577 is divided by 66?
59
What is the remainder when 3383 is divided by 186?
35
Calculate the remainder when 119982 is divided by 8.
6
What is the remainder when 8606 is divided by 38?
18
What is the remainder when 244039 is divided by 21?
19
Calculate the remainder when 17569 is divided by 44.
13
Calculate the remainder when 1846 is divided by 446.
62
Calculate the remainder when 111670 is divided by 23.
5
Calculate the remainder when 4572 is divided by 191.
179
Calculate the remainder when 75083 is divided by 84.
71
What is the remainder when 1758 is divided by 418?
86
Calculate the remainder when 5419 is divided by 31.
25
Calculate the remainder when 5250 is divided by 111.
33
Calculate the remainder when 15574 is divided by 472.
470
Calculate the remainder when 32312 is divided by 253.
181
What is the remainder when 8068621 is divided by 1509?
1507
What is the remainder when 6399 is divided by 178?
169
What is the remainder when 40843 is divided by 19?
12
Calculate the remainder when 173050 is divided by 280.
10
Calculate the remainder when 5053 is divided by 99.
4
What is the remainder when 6531 is divided by 1619?
55
Calculate the remainder when 5155 is divided by 517.
502
Calculate the remainder when 20387 is divided by 10185.
17
Calculate the remainder when 1622 is divided by 271.
267
What is the remainder when 167033 is divided by 97?
96
What is the remainder when 22826 is divided by 5705?
6
Calculate the remainder when 1818 is divided by 422.
130
What is the remainder when 1688 is divided by 811?
66
Calculate the remainder when 4824 is divided by 537.
528
Calculate the remainder when 83801 is divided by 111.
107
Calculate the remainder when 1031 is divided by 735.
296
Calculate the remainder when 569234 is divided by 22.
6
Calculate the remainder when 2623 is divided by 1299.
25
Calculate the remainder when 49468 is divided by 17.
15
What is the remainder when 1113 is divided by 132?
57
What is the remainder when 19372 is divided by 94?
8
What is the remainder when 86739 is divided by 3?
0
What is the remainder when 18215 is divided by 492?
11
Calculate the remainder when 593 is divided by 107.
58
What is the remainder when 3716 is divided by 205?
26
What is the remainder when 63857 is divided by 29?
28
Calculate the remainder when 3085 is divided by 169.
43
What is the remainder when 123069 is divided by 641?
638
Calculate the remainder when 1738 is divided by 16.
10
Calculate the remainder when 896 is divided by 101.
88
Calculate the remainder when 17373 is divided by 385.
48
Calculate the remainder when 53728 is divided by 4849.
389
Calculate the remainder when 10576 is divided by 2644.
0
What is the remainder when 104635 is divided by 52311?
13
Calculate the remainder when 580044 is divided by 28.
24
What is the remainder when 1055 is divided by 972?
83
What is the remainder when 303375 is divided by 268?
267
What is the remainder when 71397 is divided by 204?
201
What is the remainder when 110838 is divided by 157?
153
Calculate the remainder when 20726 is divided by 388.
162
What is the remainder when 17019 is divided by 377?
54
Calculate the remainder when 10329383 is divided by 52.
51
What is the remainder when 29770 is divided by 15?
10
Calculate the remainder when 15528 is divided by 96.
72
Calculate the remainder when 17561 is divided by 703.
689
Calculate the remainder when 9891 is divided by 9875.
16
What is the remainder when 385 is divided by 32?
1
Calculate the remainder when 10481 is divided by 9296.
1185
What is the remainder when 6397 is divided by 1034?
193
What is the remainder when 24862 is divided by 33?
13
What is the remainder when 10437 is divided by 475?
462
Calculate the remainder when 1287 is divided by 205.
57
Calculate the remainder when 47565 is divided by 47565.
0
Calculate the remainder when 902 is divided by 71.
50
Calculate the remainder when 27562 is divided by 280.
122
What is the remainder when 4367 is divided by 308?
55
Calculate the remainder when 1286757 is divided by 36.
9
Calculate the remainder when 315 is divided by 214.
101
Calculate the remainder when 247831 is divided by 58.
55
What is the remainder when 1933 is divided by 72?
61
Calculate the remainder when 4564 is divided by 1362.
478
Calculate the remainder when 245586 is divided by 49.
47
Calculate the remainder when 984879 is divided by 40.
39
Calculate the remainder when 1597 is divided by 475.
172
Calculate the remainder when 161673 is divided by 37.
20
What is the remainder when 15695 is divided by 3833?
363
Calculate the remainder when 22039 is divided by 3671.
13
Calculate the remainder when 466339 is divided by 11.
5
Calculate the remainder when 2837 is divided by 409.
383
Calculate the remainder when 143457 is divided by 294.
279
Calculate the remainder when 345 is divided by 105.
30
Calculate the remainder when 223947 is divided by 163.
148
Calculate the remainder when 4955 is divided by 880.
555
Calculate the remainder when 43747 is divided by 70.
67
Calculate the remainder when 71331 is divided by 34.
33
Calculate the remainder when 69336 is divided by 87.
84
What is the remainder when 320889 is divided by 12835?
14
What is the remainder when 21013 is divided by 5?
3
What is the remainder when 23881 is divided by 426?
25
What is the remainder when 38909 is divided by 1208?
253
Calculate the remainder when 1734 is divided by 38.
24
What is the remainder when 1470311 is divided by 201?
197
What is the remainder when 6294 is divided by 1820?
834
Calculate the remainder when 417843 is divided by 3905.
8
Calculate the remainder when 755504 is divided by 14.
8
Calculate the remainder when 13684 is divided by 13.
8
Calculate the remainder when 25537 is divided by 6337.
189
What is the remainder when 5720 is divided by 82?
62
Calculate the remainder when 912416 is divided by 36.
32
What is the remainder when 16100 is divided by 182?
84
Calculate the remainder when 232751 is divided by 116341.
69
What is the remainder when 11827 is divided 